u - 2*k, -4*u + 192 = -2*k - 0. What is the tens digit of u?
4
Suppose 6*i - i + 20 = 4*c, -8 = -c + 2*i. What is the units digit of (16 - 13) + (c - -34)?
7
What is the units digit of 1/(92/(-31) - -2 - -1)?
1
Let q = 2 - -6. Let h = q + -2. What is the units digit of h?
6
Let t(c) = c**2 - 2*c. What is the units digit of t(7)?
5
Let p = 82 - -11. What is the tens digit of p?
9
Let q be ((-4)/(-16))/(2/8). Let v be (8 - 8)*(q + 0). What is the units digit of (3 + v)/((-1)/(-1))?
3
Let t = -178 - -101. Let q = -46 - t. What is the units digit of q?
1
Suppose 4*k + 1 = -3*p + 20, 0 = -p + 4*k + 1. Suppose -p*u + y + 34 = 0, -2*u - 4*y - 8 = y. What is the units digit of u?
6
Let h = 27 + 22. What is the units digit of h?
9
Suppose 4*w = 7*w + 42. Let m = w + 17. What is the units digit of m?
3
Let s(b) = b - 2. Let v be s(-6). Let x(q) = q**3 + 7*q**2 - 9*q - 4. Let a be x(v). Let w(m) = m**2 - m + 1. What is the units digit of w(a)?
3
Suppose 3*f + h = 3, 2*f + 3*h - 14 = -5. Suppose -4*m = f, 3*z = -3*m + 8 + 4. Let u = z - 2. What is the units digit of u?
2
Suppose -6*n = -6 - 30. Let c(f) = 5*f + 6. What is the tens digit of c(n)?
3
Let r = -12 - -2. Let o be 2/3 - 46/6. Let k = o - r. What is the units digit of k?
3
Suppose 5*z - 35 = -3*o + 26, 40 = 2*z - 4*o. What is the units digit of z?
4
Let h(v) = v**2 + v + 8. What is the tens digit of h(4)?
2
Suppose 9 = 3*q - 6. Suppose -3 = 2*s + 2*x + q, s + 4*x = -19. What is the units digit of s?
1
What is the units digit of 5/((-10)/(-104)) - 0/1?
2
Let r be (-584)/(-36) - 2/9. Suppose 5*m + 8 = 2*o, 5*o + 5*m - 97 = -7. Suppose 5*p - f - r = 12, -p - 4*f = -o. What is the units digit of p?
6
Let r(d) = 5*d + 7. Suppose -3*u + 6*u = 9, 2*i + 5*u - 21 = 0. What is the units digit of r(i)?
2
Suppose 4*k - g + 54 = 0, -4*k + 9*k - 3*g = -64. Let o = 7 + k. Let u(r) = r**3 + 8*r**2 + 7*r + 10. What is the units digit of u(o)?
0
Let k(h) = h**2 - 11*h - 15. What is the hundreds digit of k(-9)?
1
Let r(g) = g**3 - g**2 + 3*g + 3. What is the tens digit of r(3)?
3
Let f = 5 - 4. What is the units digit of (f - (-2 - -15))*-1?
2
Let c be 2 - (-1 + (-2)/(-2)). Suppose -3*z + 40 = f, -4*f + c*f = 4. Suppose 0 = -4*b - 3*a + z, -3*a = -2*b + 4*b - 4. What is the units digit of b?
5
Let n(h) = h**2 + 7*h - 6. Let l be n(-6). Let m = 58 - 38. Let y = l + m. What is the units digit of y?
8
Let b = 58 - 31. Let g = b + -16. What is the units digit of g?
1
Let w(i) = -7*i + 6. Let x be w(3). What is the units digit of (-2 - 4*x)/2?
9
Let l = 11 + -8. Suppose -55 - 165 = -4*p - 5*m, l*m = -2*p + 110. What is the units digit of p?
5
Let a(h) = h**2 + 6*h. Let w be a(-7). Let k = w - 5. What is the units digit of k?
2
Let s(h) = -53*h - 7. What is the units digit of s(-3)?
2
Let r(g) = 3*g**3 + g**2 - g + 1. Let w be r(1). Let v = -11 - -51. Suppose 4*t + w*o = v, 1 = -3*t + 2*o + 6. What is the units digit of t?
5
What is the tens digit of (488/(-5))/((-48)/120)?
4
Let g(m) = -106*m. Let j be g(-1). Suppose -2*a = 5*z + 23 - j, -3*z + 49 = a. What is the tens digit of z?
1
Suppose b - 3*b - 3*g + 4 = 0, -2*g - 16 = -b. What is the units digit of b?
8
Let c = -7 + 10. Suppose -5*n = 2*p - 31, p + c*n + 57 = 4*p. What is the tens digit of p?
1
Suppose 38 = 6*s - 1066. What is the units digit of s?
4
Let s = 5 + -3. Suppose -s*t = -5 - 3. Let q = -1 + t. What is the units digit of q?
3
Suppose -4*q + 69 = -7*q. Let a = q + 57. What is the units digit of a?
4
Suppose 2*z - 6 = -0. Suppose -5*d - j = 2*j - 80, -4*d = -z*j - 91. Suppose -2*g + 4*q = q - 13, -d = -5*g + 3*q. What is the units digit of g?
2
Let k = -101 - -238. What is the hundreds digit of k?
1
Let f = -1 + 4. Suppose -f*y = c - 29, -3*c - 52 = -7*c + 4*y. Let q = -4 + c. What is the units digit of q?
3
Let u(v) = v + 2. Let g be u(4). Suppose n + g = 3*n. Suppose -24 = -2*w - 3*i, 0*w = n*w - 4*i - 19. What is the units digit of w?
9
Let k = 0 + 2. Suppose -x = -k*x + 13. Let o = -7 + x. What is the units digit of o?
6
Suppose -b = 2*b - 15. Suppose b*m = 2*m + 12. Suppose -5*c = -44 + m. What is the units digit of c?
8
Let c = 171 + -10. What is the units digit of c?
1
Let c(n) = n**3 + 5*n**2 - 7*n + 1. Let w(y) = 3*y + 3. Let k be w(-3). What is the units digit of c(k)?
7
Let i be 40/30*9/2. What is the units digit of (i/(-7))/(12/(-42))?
3
What is the tens digit of (1336/4)/(2/2 + 1)?
6
Suppose -5*p + 4*i - 14 = 0, 5*p - 4 + 16 = 2*i. Let c be 42/(-9) - (-6)/9. Let n = p - c. What is the units digit of n?
2
Suppose 3*a = 5*a - 5*k + 6, 0 = k - 2. Let q = -2 - a. Let s = q - -12. What is the units digit of s?
8
Let h(s) = -s**3 - 23*s**2 - 28*s - 18. What is the hundreds digit of h(-22)?
1
Suppose s - 2*t = 0, 4*s + t = -2*t + 44. Suppose -4*q + s = 0, 28 = -5*i - q + 65. What is the units digit of i?
7
Let x be (-88)/(-16) + (-3)/2. Suppose 5*m - 291 = x*l, 4*m - 39 = 3*m - 4*l. What is the tens digit of m?
5
Let q(a) = a - 7. Suppose 27 = 5*g + 2. Let x be q(g). What is the units digit of (-5)/15*18/x?
3
Let q(c) = c**3 + c + 7. Suppose -j = -1 + 2. Let k be j/2*(1 + -1). What is the units digit of q(k)?
7
Suppose 4*n - 8 - 12 = 0. Suppose 0 = 3*h - 2*w - 20, -h - 2*h + 55 = n*w. What is the units digit of h?
0
Suppose 5*x - 1400 = -2*q, -q - 639 + 88 = -2*x. What is the units digit of x?
8
Let q(u) = 37*u - 10. What is the units digit of q(3)?
1
Suppose 0*f + f = -2. Let a be (-1 - f)/(-2 + 1). What is the units digit of a + 4 + (-3)/(-3)?
4
Suppose 2*x + x = 33. Suppose -x + 67 = 4*k. What is the tens digit of k?
1
Let d be -2 + 6*(-3)/(-6). Suppose d = 3*o - 5. What is the units digit of o?
2
Let y = 155 - 83. Suppose -3*f + y = -0*f. What is the tens digit of f?
2
Let s = 6 - 10. Let u(o) = o + 7. What is the units digit of u(s)?
3
Let m(l) = -l**3 + 21*l**2 + 27*l + 52. What is the hundreds digit of m(22)?
1
Let n(b) = 50*b**2 - 7*b + 6. What is the tens digit of n(1)?
4
Let p = -22 + 26. What is the units digit of p?
4
Let k(t) = -t**3 + 6*t**2 - 3*t. Let l be k(4). Let d = l - 12. What is the units digit of d?
8
Let t be ((-12)/(-4))/(0 + 1). Suppose 4*h - t*w = -h + 67, 16 = h + 2*w. What is the units digit of h?
4
Suppose 5*d - 206 = 149. What is the tens digit of d?
7
Suppose -31 = -2*u - 2*u + 5*d, -26 = -5*u + 2*d. Suppose -u*w = -0 - 16. What is the units digit of w?
4
Suppose 5*p + 52 = 2*j - 5*j, -5*j + 20 = -5*p. Let r = 2 + p. Let a(u) = -2*u + 1. What is the tens digit of a(r)?
1
Let i be (-3 - -2)/((-2)/6). Suppose 3*c - 24 = 6. Suppose i*l + c = 5*l. What is the units digit of l?
5
Let t be ((-8)/6)/((-2)/12). Let y be ((-2)/t)/((-2)/8). Let n = y - -7. What is the units digit of n?
8
Suppose 0*n - 9 = -3*n. Suppose 0 = 4*p + z - 5*z, 2*p + n = 3*z. What is the units digit of p?
3
Let b(t) = -2*t**2 - 25*t + 19. Let w(q) = q**2 + 13*q - 10. Let k(p) = -6*b(p) - 11*w(p). What is the units digit of k(-10)?
6
Let c(w) = 23*w**3 + w. What is the tens digit of c(1)?
2
Let k(t) = -t**3 - 11*t**2 - 10*t + 3. Let s be k(-10). Suppose -s*c + 87 = 5*i, 0 = -4*c - 5 + 1. What is the units digit of i?
8
Let s(g) = -4*g + 2*g + 3*g + 5. What is the units digit of s(6)?
1
Let v be (-6)/(-4) + 12/(-8). Suppose v = -2*w - 2*p + 14, -5*w + p - 10 = -3*p. Suppose 5*i + 5 = -u, w*i - 55 = -4*u - 3*i. What is the tens digit of u?
2
Let y be 204/10 - (-24)/40. Let i = -7 + y. What is the units digit of i?
4
Let q(h) = -h**2 + 3*h + 21. What is the units digit of q(0)?
1
Let z(o) = 64*o**2 - 2*o + 1. Let k be z(1). Let g = -26 + k. What is the units digit of g?
7
Let d(l) = -l**3 + 24*l**2 + 34. What is the units digit of d(24)?
4
Let s = 6 + 2. Suppose -20 = -2*u + 4*b, s = u - 0*u - 3*b. What is the units digit of u?
4
Suppose -2*s = 3*s - 20. Suppose 5*o - s*o = 2. What is the units digit of (8 - 2) + (0 - o)?
4
Suppose 2 = 2*s, -5*c = 2*s + 3*s - 900. What is the tens digit of c?
7
Suppose -2*k + 3*h = -67, 2*k + 4*h + h - 43 = 0. What is the tens digit of k?
2
Suppose -3*c + 113 = 14. What is the units digit of c?
3
Let t = 274 - 185. What is the tens digit of t?
8
Let y(b) = -b + 10. Let q be y(6). Suppose 3*l = -t + 3*t - q, 28 = 4*t - l. What is the units digit of t?
8
Suppose 4*w + 5 = -91. Let k = w - -46. What is the units digit o